e o(-4).
-43
Let b(d) = 204 - 52 - 83 - 35 + d. Determine b(-8).
26
Suppose 7 = -u - 3. Let q(d) = 8*d + 56. Let f(b) = 11*b + 78. Let c(s) = 2*f(s) - 3*q(s). Give c(u).
8
Let r(t) be the first derivative of -1/3*t**3 + 5/2*t**2 + 7*t - 27. Suppose -2*p + 24 = 2*p. Give r(p).
1
Let z(c) = c + 4. Suppose 0 = -2*q - 24*q + 52. Suppose 2*d - 12 = -3*w, -4 = q*d - d - w. What is z(d)?
4
Let n be -2 + (-3*(0 - 1) - -1). Suppose -n*o - 2*u = 2, 5*o = -4*u + 1 - 8. Let c(w) = -w - 5. Calculate c(o).
-2
Let j(o) be the second derivative of -5/6*o**3 + o**2 + 0 + 1/6*o**4 + 121*o. What is j(2)?
0
Let r(w) be the second derivative of w**5/20 - 7*w**4/12 + 7*w**3/6 - 2*w**2 - 2*w. Let h be ((-4)/(-20) + 47/15)*-6. Let x be 4/((12/15)/((-24)/h)). Give r(x).
2
Let q be (2 - -2)*(1*10 + (31 - 40)). Let o(i) = 11*i - 51. What is o(q)?
-7
Suppose n - 2 + 7 = 0. Let t be 3 - 10/5 - n. Let j(a) be the first derivative of a**4/4 - 5*a**3/3 - 5*a**2/2 - 2*a + 15. Determine j(t).
4
Let n be (-7*(3 + 8 + -10))/1. Let g(c) = -4*c + 4. What is g(n)?
32
Let w(y) = -34 + 137*y - 278*y + 150*y. Let v(z) = 17*z - 66. Let b(f) = -6*v(f) + 11*w(f). Determine b(8).
-2
Suppose 0 = -2*o + 14, 5*u - 17*o = -20*o + 86. Let y(w) = -w**3 + 17*w**2 - 56*w + 7. Determine y(u).
-45
Let z(p) = 51*p - 4 - p**2 - 6 + 21*p - 78*p. Give z(-5).
-5
Suppose -5*m + 28 = -3*m. Let d = -18 + m. Let h be -3*4 - -4 - d. Let w(r) = -r**2 - 3*r + 2. Give w(h).
-2
Let j(i) = 12*i**2 + 2*i - 1. Suppose -17*p + 13*p - 40 = 0. Let w be (-4)/((-8)/p)*(-3)/5. Suppose -3*l - 3*k - 1 = -7*l, -8 = -5*l - w*k. Determine j(l).
13
Suppose 6*u - 240 = -6*u. Let k(t) = 0*t + 5*t - 3*t - u - 4*t. Calculate k(-9).
-2
Let f(t) = -t**2 + 10*t - 10. Let o be -3 + ((-6)/(-18) - 8/(-12)). Let m be o*32/(-7 + -1). Determine f(m).
6
Let q(p) = p**3 + 7*p**2 - 6*p. Let b(o) = 7*o + 16. Let j be b(-3). Let t(g) = -3*g**3 - 14*g**2 + 12*g. Let i(n) = j*q(n) - 2*t(n). Calculate i(6).
0
Let g(o) = -3*o**3 - 10*o**2 - 28*o - 37. Let z be g(-2). Let l(v) = v + 2*v - 2*v**2 + 0*v**2. Determine l(z).
-9
Let q(r) = r**3 - 5*r**2 + 9. Suppose -378 = -4*d - 2610. Let c = -553 - d. Calculate q(c).
9
Suppose -2*c = -1619*j + 1617*j - 16, -c - 2*j = 1. Let i(f) = -f**3 + 4*f**2 - 3*f - 2. Calculate i(c).
-42
Let x(w) = 4*w - 85 - 20*w - 14 - 6*w - 15. Calculate x(-5).
-4
Suppose 4*n - 3*b - 67 = 0, n + 0*n + 3*b + 2 = 0. Suppose 15 = -2*w - n. Let u be 3/(w/4 + 5). Let f(z) = z**3 - 4*z**2 + 4*z - 3. Give f(u).
-3
Let k(i) be the second derivative of i**3/6 - i**2/2 + 6*i. Let t be 6/(-2)*(-14 - -14 - 8)/6. Calculate k(t).
3
Let a = -22128 - -22102. Let z(m) = -m**2 - 26*m + 11. Calculate z(a).
11
Let y(t) be the first derivative of -43*t**2/2 - 40*t + 39. Let j(m) = -8*m - 8. Let z(p) = 22*j(p) - 4*y(p). What is z(-5)?
4
Let h(j) = 3*j - 48. Let f(x) = 3*x**3 + 23*x**2 - 71*x + 9. Let n be f(-10). Calculate h(n).
9
Let i be (6/(-5))/(-5*(-16)/(-200)). Let d(q) = -458*q**2 + 8 - 9*q - 4*q**3 + 465*q**2 + 3*q**i. What is d(6)?
-10
Let o(t) be the first derivative of -t**4/12 - t**3/3 + 2*t**2 + 91*t - 112. Let n(y) be the first derivative of o(y). What is n(-6)?
-20
Let j = -783 + 966. Let l(y) = y**3 + 2*y + 13*y**2 - 60 - 6*y**2 + j - 66 - 64. Give l(-7).
-21
Let b(o) be the third derivative of o**4/24 + o**3/6 + o**2. Suppose -2*n + 510 = 2*i, 34*i + 1276 = 5*n + 38*i. Let g = 255 - n. What is b(g)?
0
Let w(d) = 12*d + d**3 + 8*d**2 - 9*d - 2*d**2 + 2 + 5 - d. Let c = -180 + 174. Determine w(c).
-5
Let m = -13 - -7. Let f(o) be the third derivative of 0*o - 1/12*o**5 - 1/120*o**6 + 1 + 1/3*o**4 + 1/2*o**3 - 22*o**2. Give f(m).
-9
Suppose 0 = -2*r, 3*n - 4 - 5 = -4*r. Let y be 5/n*7/((-280)/48). Let b(i) = -i**3 - 3*i**2 - 2*i - 3. Calculate b(y).
-3
Let p(g) be the first derivative of 2*g**3/3 - 11*g**2/2 + 4*g + 618. What is p(5)?
-1
Let a(o) = 190*o + 117*o - 323*o + 606 + 564. What is a(73)?
2
Let v(m) be the first derivative of -m**4/4 - 11*m**3/3 - 17*m**2/2 + 31*m + 846. Calculate v(-9).
22
Let v(g) = g**3 + 6*g**2 + 6*g - 7. Let p be v(-5). Let n(m) = 15*m - 22. Let a(z) = -21*z + 27. Let j(f) = -8*a(f) - 11*n(f). Calculate j(p).
-10
Let f be (-16)/6*(-189)/84. Let p(r) be the third derivative of r**4/6 - 2*r**3/3 - 12*r**2 + 3. Calculate p(f).
20
Let y(d) = d**3 - 2*d + 2. Let w(q) = 6*q**3 + 7*q**2 - 19*q + 21. Let x(b) = -w(b) + 5*y(b). Determine x(-8).
-19
Let z(o) be the first derivative of 4*o**3/3 - 21*o**2/2 - 73*o - 933. What is z(-3)?
26
Let k(a) be the third derivative of 1/3*a**3 + 0*a + 1/24*a**4 - 1/60*a**5 + 0 + 236*a**2. Determine k(4).
-10
Let z(u) = -4*u**2 + 10*u - 8. Let o(y) = 3*y**2 - 10*y + 9. Let p(k) = -3*o(k) - 2*z(k). Suppose -18*s = f - 16*s - 11, -s + 28 = 3*f. Give p(f).
-2
Let i(b) = -b**3 - b**2. Let f(k) be the second derivative of k**5/5 - k**3/2 - k**2/2 - 30*k. Let s(v) = f(v) + 3*i(v). Give s(4).
3
Let y(z) = -19*z**3 + 5846*z**2 + 24*z**3 - 2916*z**2 - z - 2931*z**2. Suppose 2*f + 4 = -2*b, -3 = f + 2. Suppose 2 = -b*l - 1. Determine y(l).
-5
Suppose 3*v + 3*z + 111 = 0, 2*v + 56 = 3*z + 7. Let i = -34 - v. Let p(g) be the second derivative of -2*g**3/3 + g**2/2 + 2*g + 5. What is p(i)?
9
Let j(n) be the second derivative of -1 - 1/20*n**5 - 55*n + 0*n**3 + 0*n**2 + 0*n**4. Calculate j(-2).
8
Let j(k) = 5*k**3 + 15*k**2 - 14*k - 1. Let c = -157 - -144. Let g(m) = -11*m**3 - 31*m**2 + 29*m + 2. Let z(f) = c*j(f) - 6*g(f). Give z(8).
1
Suppose m - 3*h = -11, 3*h + 5 - 24 = 5*m. Let k(v) = -2 + 2*v + 4*v**2 - v - 2*v**3 - 5*v**2 + 7*v**3 - 7*v**3. What is k(m)?
8
Let o(i) = 7*i + 2 + 4 + 1 + i**2. Suppose k + 5*l + 36 = 0, -5*k - 45*l - 48 = -42*l. Give o(k).
1
Let j(g) = -3*g**2 + 3*g + 2. Let f be 3/(-9) - (-7)/3. Let b(o) = 44*o**2 + 58*o**2 - 161*o**2 + 58*o**2. Let i(w) = f*b(w) - j(w). Determine i(5).
8
Let f(w) be the first derivative of -w**4/4 + 3*w**3 - 3*w**2/2 - 10*w - 690. Calculate f(8).
30
Let r(p) = -211*p - 84*p + 287*p + 292. Give r(36).
4
Let r(y) = 40585*y - 81174*y + 6*y**2 + 40585*y - 4 + 1 - y**3. Determine r(4).
13
Let v(s) = -s**3 - s**2 + 25*s + 9. Let u be (-1)/(((-76)/(-40))/19*2). Give v(u).
-16
Let q(u) = -u**3 - 7*u**2 + 8*u + 64. Let r be q(-7). Let z(g) = -12 + g**2 - r + 4807*g - 4819*g. What is z(14)?
8
Let o(l) = l**3 + 2*l**2 + l - 1. Let w(u) = -u**3 - 6*u**2 + 2. Let a(i) = 2*o(i) + w(i). Suppose 2*k + 5 - 15 = 2*x, 19 = 3*k - 5*x. Give a(k).
15
Let j(n) be the first derivative of -5 - 1/2*n**2 + 2*n - 2/3*n**3. What is j(2)?
-8
Let n(m) = m**2 - 4*m + 1. Let a be ((35/(-15))/(-7))/((-2)/(-300)). Let y be (-3 + 1)/(4/(-110)). Let l = y - a. Calculate n(l).
6
Let o(r) be the third derivative of -3*r**5/20 - r**3/6 - 2*r**2. Let p be (320/30 + -6)*(-120)/(-560). Give o(p).
-10
Let b(p) = p**2 - 349*p + 128*p - 36 - 16 + 109*p + 126*p. Calculate b(-17).
-1
Let x(g) = g**3 + 9*g**2 - 9*g + 9. Suppose -3*h - v + 167 = 19, 0 = 3*h - 3*v - 156. Suppose -13*u + h = -18*u. Calculate x(u).
-1
Suppose q - 4 = -2. Let v be ((-1)/q)/(10/220). Let m(g) = g**3 + 12*g**2 + 10*g - 2. Determine m(v).
9
Let u(o) be the second derivative of o**5/20 + 5*o**4/12 - o**2 - 2*o. Let z = -406 + 411. Suppose c + 2*c = -2*v - 4, z*v - 3*c = -31. Calculate u(v).
-2
Let v(u) be the second derivative of -u**3/6 - 3*u**2/2 - 4*u - 6. Suppose -6*n + 9*n + 63 = 0. Let l = n + 26. Calculate v(l).
-8
Let i(h) = -h**3 - 10*h**2 + 23*h - 5. Let s = 5507 + -5519. Determine i(s).
7
Let z(k) = k**2 - 25*k - 10. Let f(i) = 3*i**2 - 73*i - 28. Let t(m) = 4*f(m) - 11*z(m). Suppose -104 = -6*a - 2. Calculate t(a).
-2
Let d(n) = n**3 - 8*n**2 - 10*n + 5. Let h(v) = -6*v**2 - 26*v + 67. Let k be h(-6). What is d(k)?
-114
Let w = -21 + 74. Let t = -161 + 204. Suppose 2*l + w - t = 0. Let g(c) = c**2 + 6*c + 3. Calculate g(l).
-2
Let f(c) = c**3 + 3*c - 4. Let l = -26 + 565. Let w = 539 - l. Calculate f(w).
-4
Suppose -d + 4*o = -31, 2*d + 0*o = o + 27. Let q(a) be the third derivative of -a**4/24 + a**3/3 - 2*a**2 - 220*a. Calculate q(d).
-9
Let v(w) = 301*w**2 - 2 - 158*w**2 - 4*w**3 - 149*w**2 + 5*w**3 + 7. Suppose 3*j + 0*j + 3 = 0. Let n be (-1 - -4) + (-3)/j. Calculate v(n).
5
Suppose 0 = -7*l + 83239 - 83267. Let d(n) = -n**3 - 4*n**2 + 2*n + 20. Give d(l).
12
Let k(j) = -8*j + 7. Let u(l)